{"id":21,"date":"2012-03-23T15:09:53","date_gmt":"2012-03-23T15:09:53","guid":{"rendered":"http:\/\/arturogarciaolivera.com\/manejo-de-emociones-con-yoga\/?page_id=21"},"modified":"2024-06-15T02:46:35","modified_gmt":"2024-06-15T02:46:35","slug":"inicio","status":"publish","type":"page","link":"https:\/\/www.arturogarciaolivera.com\/curso-meditacion\/","title":{"rendered":"Inicio"},"content":{"rendered":"<p><a href=\"https:\/\/www.arturogarciaolivera.com\/curso-meditacion\/informacion-del-curso-por-internet-manejo-de-emociones\/\">Clic aqu\u00ed si desea registrarse en este curso<\/a><\/p>\n<p><a href=\"http:\/\/arturogarciaolivera.com\/manejo-de-emociones-con-yoga\/acceso-al-curso\/\">Si ya realizo su registro, ingrese al \u00e1rea de miembros aqu\u00ed<\/a><\/p>\n\n\n<div style=\"height:138px\" aria-hidden=\"true\" class=\"wp-block-spacer\"><\/div>\n\n\n\n<figure class=\"wp-block-gallery has-nested-images columns-default is-cropped wp-block-gallery-1 is-layout-flex wp-block-gallery-is-layout-flex\">\n<figure class=\"wp-block-image size-large\"><a href=\"https:\/\/www.arturogarciaolivera.com\/curso-meditacion\/wp-content\/uploads\/2023\/09\/A282937B-7FFD-4A07-85F3-0C493AE93D51-COLLAGE-10.jpg\"><img decoding=\"async\" data-id=\"931\" src=\"https:\/\/www.arturogarciaolivera.com\/curso-meditacion\/wp-content\/uploads\/2023\/09\/A282937B-7FFD-4A07-85F3-0C493AE93D51-COLLAGE-10.jpg\" alt=\"\" class=\"wp-image-931\"\/><\/a><\/figure>\n\n\n\n<figure class=\"wp-block-image size-large\"><a href=\"https:\/\/www.arturogarciaolivera.com\/curso-meditacion\/wp-content\/uploads\/2023\/09\/5804B455-913C-4E1B-A374-CF946C217090-COLLAGE-10.jpg\"><img decoding=\"async\" data-id=\"933\" src=\"https:\/\/www.arturogarciaolivera.com\/curso-meditacion\/wp-content\/uploads\/2023\/09\/5804B455-913C-4E1B-A374-CF946C217090-COLLAGE-10.jpg\" alt=\"\" class=\"wp-image-933\"\/><\/a><\/figure>\n\n\n\n<figure class=\"wp-block-image size-large\"><a href=\"https:\/\/www.arturogarciaolivera.com\/curso-meditacion\/wp-content\/uploads\/2023\/09\/AA2D58EF-B51D-45D0-BB8B-55FC98C009BA-COLLAGE-11.jpg\"><img decoding=\"async\" data-id=\"936\" src=\"https:\/\/www.arturogarciaolivera.com\/curso-meditacion\/wp-content\/uploads\/2023\/09\/AA2D58EF-B51D-45D0-BB8B-55FC98C009BA-COLLAGE-11.jpg\" alt=\"\" class=\"wp-image-936\"\/><\/a><\/figure>\n\n\n\n<figure class=\"wp-block-image size-large\"><a href=\"https:\/\/www.arturogarciaolivera.com\/curso-meditacion\/wp-content\/uploads\/2023\/09\/787BAFA7-C6B9-47DD-886B-182FB3CD6C7D-COLLAGE-10.jpg\"><img decoding=\"async\" data-id=\"929\" src=\"https:\/\/www.arturogarciaolivera.com\/curso-meditacion\/wp-content\/uploads\/2023\/09\/787BAFA7-C6B9-47DD-886B-182FB3CD6C7D-COLLAGE-10.jpg\" alt=\"\" class=\"wp-image-929\"\/><\/a><\/figure>\n<\/figure>\n","protected":false},"excerpt":{"rendered":"<p>Clic aqu\u00ed si desea registrarse en este curso Si ya realizo su registro, ingrese al \u00e1rea de miembros aqu\u00ed<\/p>\n","protected":false},"author":1,"featured_media":0,"parent":0,"menu_order":0,"comment_status":"closed","ping_status":"open","template":"","meta":{"footnotes":""},"class_list":["post-21","page","type-page","status-publish","hentry"],"_links":{"self":[{"href":"https:\/\/www.arturogarciaolivera.com\/curso-meditacion\/wp-json\/wp\/v2\/pages\/21","targetHints":{"allow":["GET"]}}],"collection":[{"href":"https:\/\/www.arturogarciaolivera.com\/curso-meditacion\/wp-json\/wp\/v2\/pages"}],"about":[{"href":"https:\/\/www.arturogarciaolivera.com\/curso-meditacion\/wp-json\/wp\/v2\/types\/page"}],"author":[{"embeddable":true,"href":"https:\/\/www.arturogarciaolivera.com\/curso-meditacion\/wp-json\/wp\/v2\/users\/1"}],"replies":[{"embeddable":true,"href":"https:\/\/www.arturogarciaolivera.com\/curso-meditacion\/wp-json\/wp\/v2\/comments?post=21"}],"version-history":[{"count":12,"href":"https:\/\/www.arturogarciaolivera.com\/curso-meditacion\/wp-json\/wp\/v2\/pages\/21\/revisions"}],"predecessor-version":[{"id":1422,"href":"https:\/\/www.arturogarciaolivera.com\/curso-meditacion\/wp-json\/wp\/v2\/pages\/21\/revisions\/1422"}],"wp:attachment":[{"href":"https:\/\/www.arturogarciaolivera.com\/curso-meditacion\/wp-json\/wp\/v2\/media?parent=21"}],"curies":[{"name":"wp","href":"https:\/\/api.w.org\/{rel}","templated":true}]}}